 -h + 5. Let c be w(4). Let m(x) = x**3 - x**2 - 2*x + 1. Let n be m(c). Let l be 2 + 368 + n + 1. Calculate the greatest common divisor of l and 37.
37
Let s = 8637 + -8591. Suppose 0 = -2*j - 3*b + 169, 42 = j - b - 55. What is the greatest common divisor of j and s?
46
Suppose l + 4*n - 7 - 12 = 0, 4*l = 4*n - 4. What is the greatest common divisor of l and 87?
3
Let w be (26 + -336)*16/(-20). Calculate the greatest common factor of 403 and w.
31
Let f = -9997 - -15255. Calculate the greatest common factor of f and 22.
22
Let m = 115 - 13. Suppose 5*y - 42 = -4*r, -5*r = -2*y - 0*r - 3. What is the highest common divisor of m and y?
6
Let x be ((-2148)/(-60) + 9)*35/2. Calculate the greatest common factor of x and 208.
16
Suppose 4*k - 683 + 171 = 0. Let l = -427 + 523. What is the greatest common divisor of k and l?
32
Suppose 2*t - 90 = -4*t. Let h(x) = x**3 - 4*x**2 + 4*x. Let s = 78 + -75. Let p be h(s). What is the greatest common factor of p and t?
3
Suppose 5*w - l - 155 = 0, w - 4*w + 3*l = -81. Let q = -1700 + 1702. What is the greatest common divisor of q and w?
2
Suppose 4*t - 4 = -36. Let a be (t + 0)/2 + 6. Suppose -13 = g - a*g. Calculate the highest common factor of g and 91.
13
Let d(j) = -2*j**3 - 6*j**2 - 7*j + 224. Let r be d(0). What is the greatest common factor of 602 and r?
14
Let t(d) = -6*d + 74. Let j be t(12). Suppose 3*n = 2*a - j*n - 48, -4*a + 5*n + 96 = 0. What is the highest common factor of a and 264?
24
Suppose 4*h - 5*k = 18, 0 = 2*h + 6*k - 2*k - 22. Let w = -3963 - -4124. Calculate the greatest common factor of h and w.
7
Suppose 4*c - 26 = -14. Let u(d) = 2*d**3 - d**2 - 5*d + 3. Let w be u(c). Suppose 5*q = 17 + w. Calculate the greatest common factor of 25 and q.
5
Suppose -9*x - 5*r = -13*x + 53, -5 = 5*r. Suppose 0 = -x*z + 13*z - 8. What is the greatest common factor of z and 2?
2
Let r(k) = -2*k**2 - 32*k - 32. Let h be r(-14). Calculate the highest common divisor of h and 114.
6
Let h(u) = 130*u**2 - 2*u + 6. Let i be h(2). Suppose -619 = -28*d - 115. Calculate the highest common factor of d and i.
18
Suppose -19 = 17*i - 87. Suppose -4*o - 2*q = -i*q - 300, -2*o + 134 = -5*q. Calculate the greatest common factor of 22 and o.
11
Let k(x) = -x**2 + 4*x + 56. Let r be k(-6). Let o be (1036/(-56))/(2/r). Calculate the highest common factor of 148 and o.
37
Suppose -1253*h = -1284*h + 7471. Calculate the highest common divisor of 15424 and h.
241
Let k = 122 + -84. Suppose -d - 2*d + h = -108, -h - k = -d. Suppose 0*q = 4*x - q - d, -31 = -2*x + 5*q. What is the highest common factor of 4 and x?
4
Let y be (-74 - -6)/(-58 - -56). Calculate the highest common divisor of y and 5831.
17
Suppose 166*c + 19323 - 212049 = 0. What is the greatest common divisor of 27 and c?
27
Suppose -2050 = -11*i + 6493 - 2559. Calculate the highest common factor of 32 and i.
32
Let y(l) = -3*l + 38. Let x be y(11). Suppose n = -5*i + 65, -i - 260 = -x*n + 13. Suppose -n - 74 = -3*v. Calculate the highest common factor of v and 86.
43
Let y = 7552 + -6415. Calculate the highest common factor of y and 12.
3
Let h = -225 - -2679. What is the highest common divisor of 12 and h?
6
Let u = 178 + -101. Let f = u - -63. What is the highest common divisor of 56 and f?
28
Let w = 29981 + -29954. Calculate the greatest common factor of 1539 and w.
27
Let c(p) = -10*p. Let y be c(-7). Suppose 9*d - 88 = -y. Calculate the highest common divisor of 2 and d.
2
Let a = -418 + 826. Let f(m) = a*m - 204*m - 209*m. Let g be f(-6). Calculate the greatest common divisor of 20 and g.
10
Let u = -259 + 883. Suppose -17*p + u + 855 = 0. What is the highest common factor of 29 and p?
29
Let l(i) = 39*i**3 + 27*i**2 + 10*i - 53. Let v be l(4). Calculate the greatest common factor of v and 795.
265
Let r = 139 + 410. Let p be (61*1)/((-12 + 11)/(-1)). Calculate the highest common factor of r and p.
61
Suppose 4*i - 952 - 1032 = 2*n, -5*i - 4*n = -2480. Suppose -108 = 438*d - 439*d + 4*x, 3*d + 9*x = 93. What is the greatest common divisor of d and i?
16
Suppose 83*o = 10*o + 514650. What is the highest common factor of 75 and o?
75
Let y = 1534 + -1492. Let d(b) = 2*b**2 - 5*b + 4. Let w be d(6). Let m = w + y. What is the greatest common factor of m and 8?
8
Let b = 6588 - 6510. Calculate the greatest common factor of b and 1326.
78
Suppose 3*j = -4*g + 2*j + 92, 0 = -2*j. Let q = -297 + 290. Let k be -3 + q + 2 + 77. Calculate the highest common factor of k and g.
23
Let o = -57 + 78. Let r = 25 - o. Suppose -r*k + 1464 = -3*x, 4*x = 3*k - x - 1109. What is the highest common factor of 33 and k?
33
Let v = 764 - -512. Suppose -32*n - v + 13820 = 0. What is the highest common divisor of n and 49?
49
Suppose 4*h - 23778 = -3*o, -42*o + 37*o + 10 = 0. What is the greatest common factor of h and 63?
21
Let d = 41 - 5. Let y = 313062 - 313008. What is the greatest common divisor of d and y?
18
Let x(o) = 12 + 6 - 11 - o**3 + 6*o**2 - 7*o. Let j be x(4). Suppose -2*l + 33 + j = 0. Calculate the greatest common divisor of l and 11.
11
Let c = 8271 - 6941. Calculate the highest common divisor of 1045 and c.
95
Let u be 706 - ((-52)/(-65))/((-2)/10). Suppose -k + 2*n = 7*n - 340, -2*k + 5*n + u = 0. What is the greatest common factor of k and 20?
10
Let a be 228 - 2/(-5)*15. What is the greatest common factor of 33 and a?
3
Let t = 35 + -5. Let c = -1 - -5. Suppose 48 = 5*m + 3*i, -23 - 9 = -c*m - 4*i. Calculate the highest common divisor of t and m.
6
Suppose -3*r - 288 = -u, 5*r = -5*u + 1922 - 402. Calculate the highest common divisor of u and 48.
12
Let s = 15 + 2. Let p(z) = z**2 + 12*z + 15. Let r be p(-11). Suppose r*y - 46 = 22. What is the greatest common divisor of s and y?
17
Let l be (-1029)/14 - (-1)/2. Let z = 85 + l. Let d = 85 + -55. What is the highest common factor of z and d?
6
Let y = 156 - 156. Suppose l + 880 = 5*f - 2*l, y = 2*l. Calculate the highest common divisor of f and 112.
16
Let d(r) = -15*r - 94. Let b(g) = -6*g - 47. Let y(p) = -7*b(p) + 3*d(p). Let q be y(7). What is the greatest common divisor of 13 and q?
13
Let l be (1/1)/(-28*587/(-1826) + -9). What is the highest common divisor of l and 11?
11
Suppose 11*d - 5*y = 16*d - 105965, 3*d = -5*y + 63567. Calculate the greatest common factor of d and 17.
17
Let y(v) = -222*v + 45. Let g be y(-19). Suppose -417 - g = 5*s. Let r be (s/65)/((-6)/100). What is the greatest common factor of r and 16?
16
Let y = 11174 + -10594. Calculate the highest common factor of y and 380.
20
Suppose -41*m - 11*m + 59 - 267 = 0. Suppose 5*q - 7520 = q. Let z be q/15 - m/6. Calculate the greatest common divisor of z and 28.
14
Suppose -4*u + 1775 - 619 = -4*b, 0 = 4*u + b - 1136. Let h be (1 + -11)*(20/(-55) - (-1950)/(-1716)). What is the greatest common factor of u and h?
15
Let g be 6 + -14 + ((-451)/(-4) - 44/(-176)). Suppose -3*q = -8*q - 3*s + 63, 0 = q - 4*s - 31. What is the greatest common divisor of g and q?
15
Suppose -2*z - 4 = 4*d + 4, -4*d - 4 = 4*z. Let s be ((-54)/(-15))/(z/10). Let p be (-1886)/(-69) + (-10)/30. What is the greatest common divisor of s and p?
9
Suppose -1770 = -3*w + 205*c - 208*c, -5*w = -2*c - 2936. Calculate the highest common factor of w and 980.
196
Let h = -30260 - -30323. Calculate the highest common divisor of 7098 and h.
21
Suppose 4*d = -0*i - i + 113, -309 = -3*i + 3*d. Suppose 647*r = 578*r + 2415. Calculate the greatest common divisor of r and i.
35
Let f = 8 + -4. Suppose 3*l = 3*a - 1122, -5*a + 473 = f*l - 1433. Calculate the greatest common factor of a and 42.
42
Let k(f) = 3*f**3 + 44*f**2 + 13*f + 33. Let l be k(-14). Let z = -19 - -46. Calculate the greatest common divisor of z and l.
27
Let k be 92 - -75*(-18)/90. Let w(t) = -2*t - 5. Let n be w(-4). Suppose -6*d = -3*r - n*d + 15, 0 = -d + 2. Calculate the greatest common factor of k and r.
7
Suppose 267*i - 47929 = 57217 - 34658. What is the highest common divisor of 102 and i?
6
Let y(g) = g**3 + 2*g**2 - 1. Let t be y(-1). Suppose r + r + 128 = t. Let v = -52 - r. Calculate the greatest common divisor of 30 and v.
6
Suppose -10375*s - 1953 = -10406*s. Calculate the greatest common factor of s and 1512.
63
Suppose 59*l = -2208 + 30292. What is the greatest common factor of l and 1